-h**3 + 4*h**2 - h - 1. Let u(c) = -c**3 - 3*c**2 + 2*c + 3. Let o be u(-2). Let r be o*(-6)/15 - -1. Give s(r).
5
Suppose 4*h - 211 = 77. Let a be (h/42)/((-4)/(-14)). Let f(x) = -x**3 + 5*x**2 + 4*x - 3. Give f(a).
-15
Let h(l) be the first derivative of l**3/3 - l**2 - l - 143. Determine h(-1).
2
Let y be (-13)/(-5) + 6/15. Let v(i) = i**2 - i - 4. Let d be v(y). Let n(x) = 4*x**2 + 2 + 11 - 5*x**d. Calculate n(0).
13
Let r(x) = -5*x + 16. Let q(y) = -6*y + 18. Let z(h) = -4*q(h) + 5*r(h). What is z(12)?
-4
Let i(l) be the second derivative of l**5/20 + 7*l**4/12 + l**3 - 36*l. Calculate i(-6).
0
Let z(d) = d**3 + 9*d**2 + 8*d + 10. Let m(u) = -u - 26. Suppose -222 = 11*t - 24. Let g be m(t). Determine z(g).
10
Let t = -2 + 0. Let s be (-36)/(-8)*t/(-3). Let x(f) = -17 + 3 - f + 11. Determine x(s).
-6
Let v(n) = 3*n**3 + 3*n**2 + 7*n - 5. Let y(w) = 2*w**3 + 2*w**2 + 4*w - 3. Let g(u) = -3*v(u) + 5*y(u). Give g(2).
10
Let s = 93 + -86. Let v(o) = 6 - 1 + 3 - s - 3*o**2. Suppose 0 + 4 = 4*z. Give v(z).
-2
Let u(q) be the first derivative of -q**3/3 - q**2/2 + q - 1. Let k(a) = 3*a**2 + 7*a - 1. Let i(o) = -k(o) - 2*u(o). What is i(-6)?
-7
Let s(y) = -14*y**2 + 2*y + 1. Let m(u) = -4*u + 2. Let h be m(0). Suppose -h*l + 5*l = -3. Give s(l).
-15
Let p = -761 + 761. Let t(j) be the third derivative of -4*j**2 + 0 - 1/2*j**3 - 1/8*j**4 + p*j. Calculate t(-6).
15
Let t(m) = -m**3 - 5*m**2 - 3*m - 3. Suppose 0 = -10*w + 7*w - 132. Let u = 41 + w. Determine t(u).
-12
Let z(x) be the first derivative of x**2 + 3*x + 1. Let y(c) = -2*c**2 - 12*c + 10. Suppose 0 = 5*i - 13 + 48. Let r be y(i). Calculate z(r).
-5
Let m(n) = n**2 - 10*n - 2. Let y be (-88)/(-12)*((-30)/(-4))/5. What is m(y)?
9
Let r be ((-105)/(-28))/((-6)/(-16)). Suppose -r = -21*m + 19*m. Let d(u) = -u**3 + 5*u**2 + u - 3. Determine d(m).
2
Let w(j) be the first derivative of -j + 13 + 2/3*j**3 - j**2. Suppose -3*o + 6 = 5*y, -2*y = -3*o + o - 12. What is w(y)?
11
Let v(x) = -49 - 54 + 2*x - 53 + 152 + x. Calculate v(-1).
-7
Let p(x) be the first derivative of -x**4/4 + 4*x**3/3 + x**2/2 + 5*x - 151. Give p(5).
-15
Let b = 59 + -37. Suppose 0 = -4*t + b - 6. Let j(l) = 6*l**2 - 3*l - 4. Let q(y) = 7*y**2 - 3*y - 5. Let v(k) = -6*j(k) + 5*q(k). What is v(t)?
-5
Let k(r) be the third derivative of -1/2*r**3 + 1/120*r**6 + 0*r**5 + 1/8*r**4 - r**2 + 0 + 0*r. Suppose -m = -2*m + 2. What is k(m)?
11
Suppose -h + y = -1, 3*h - y = 1 - 0. Suppose h = -0*b - b + 8. Let z(p) = -3*p + 2 - 9 + 4*p + 2. Calculate z(b).
3
Let q(y) = y**2 - 11*y + 8. Suppose 14*u = -5*s + 11*u + 52, 4*s - u - 28 = 0. What is q(s)?
-16
Let u(k) = 4*k**3 - 15*k**2 - 17*k + 6. Let m(v) = 2*v**3 - 8*v**2 - 9*v + 3. Let j(l) = 11*m(l) - 6*u(l). What is j(3)?
-30
Let s be (-3)/(-4) - (-12)/(-16). Suppose 25*w - 26*w + 3 = s. Let k(x) = -x**3 + x**2 + 5*x - 4. Give k(w).
-7
Let y(a) = a**3 - 8*a**2 + 6*a + 4. Let d(s) = -s**3 + 0*s**3 + 4*s - 1 + 3*s**2 + 2*s. Let c = 534 + -530. Let x be d(c). Calculate y(x).
-3
Let x(b) = 2*b**2 - 4*b - 8. Let h be x(16). Let k(c) = c + h - 217 - 219. Give k(6).
10
Let m be (-3)/2*-2 - -2. Suppose 5 = -m*q + 15. Let h(k) be the second derivative of k**5/10 - k**4/3 + 2*k**3/3 - 3*k**2/2 + 29*k. Determine h(q).
5
Suppose 2*b - 3 = -13. Let h(r) be the first derivative of r**4/24 + 11*r**3/6 - 4*r**2 + 4. Let a(i) be the second derivative of h(i). Give a(b).
6
Suppose 7*d - 273 = -189. Let o(n) = -n**2 + 16*n - 14. Determine o(d).
34
Let f(g) = g + 1. Let l(m) = -55. Let d(x) = 3*f(x) + l(x). Determine d(15).
-7
Let q(j) be the third derivative of 47*j**2 + 13/24*j**4 + 0 + j**3 + 1/60*j**5 + 0*j. What is q(-13)?
6
Let k be -1 + (-9)/1 - -2. Let o = k - -2. Let s(c) be the first derivative of -c**2/2 + 23. Determine s(o).
6
Suppose -24*z + 14 = -10*z. Let w(k) = -21*k**2 + 2*k - 1. Determine w(z).
-20
Let f(t) = 3*t - 1. Suppose -v - 3*v + q + 16 = 0, 0 = 4*v - 5*q. Suppose -v + 3 = 2*c. Calculate f(c).
-4
Let h(o) be the first derivative of o**2/2 + o + 270. Calculate h(4).
5
Let q(x) be the first derivative of x**3/3 + 7*x**2 - 20*x - 89. Determine q(-15).
-5
Let o(x) = 9*x**3 - 16*x**2 + 55*x - 12. Let f(c) = 5*c**3 - 8*c**2 + 30*c - 6. Let t(j) = 7*f(j) - 4*o(j). Calculate t(7).
-15
Let t(c) = -3. Let m(f) = 4*f + 31. Let k(r) = -m(r) + 3*t(r). Calculate k(-10).
0
Let a(h) be the first derivative of 35 - 1/2*h**2 - 8*h. What is a(0)?
-8
Let o(v) = -v**2 - 2*v + 4. Let g be (22/6 - 4)*-6. Suppose 0 = 2*w - 2*t, -w + g*t = 1 - 5. Give o(w).
-4
Let b(d) = -9*d - 1. Let z(f) = 32*f - 65. Let j(v) = b(v) + z(v). What is j(3)?
3
Let s(f) be the first derivative of 0*f**3 - 1/2*f**2 + 0*f + 7/4*f**4 - 2. Suppose 3*t = 4*t + 1. Determine s(t).
-6
Let n(a) be the first derivative of 4*a**3/3 + a**2 + 110. Determine n(-2).
12
Let x(k) = 6*k + k**3 - 573*k**2 - 15*k + 565*k**2 + 2. Calculate x(9).
2
Suppose 0 = -42*j + 43*j + 113. Let d = j - -106. Let h(n) = -4*n - 5. Calculate h(d).
23
Let c = -313 - -323. Let y(v) = v**2 - 9*v + 1. Determine y(c).
11
Let o(u) = -u**3 - 19*u**2 + 25*u - 2. Let j(a) = -a**3 - 19*a**2 + 26*a - 1. Let x(f) = 5*j(f) - 6*o(f). What is x(-20)?
7
Let w(h) = h**3 - 4*h**2 + 2*h. Let u be (-1*3)/(3/(-4)). Let t be 0/((-1 - 4)*9/15). Suppose -u*y + 4 + 8 = t. Determine w(y).
-3
Let p be 1/(14/4 - 30/10). Let h(k) = 2 - 2*k + 5*k**2 - k**3 - 4*k + 9*k + p*k. Calculate h(5).
27
Suppose 3*g = 10*g + 35. Let j(r) = 4*r + 22. Let l be j(g). Let u be ((-1)/l)/(2/4). Let z(n) = 2*n**2 - 2*n - 1. What is z(u)?
3
Let h(c) be the third derivative of -c**5/60 + 11*c**4/12 + 15*c**3/2 + 2*c**2 + 10*c. Let q be h(24). Let m(j) = 2 + 2 + 0*j - j**2 - 3*j. Determine m(q).
4
Let p be -4 + 9 + (-5)/5. Let f(n) = 5*n + 2. Let z(r) = 2*r + 1. Let i(v) = p*z(v) - f(v). Calculate i(2).
8
Let x(o) = -2*o + 2. Suppose -g - 2*h - 5 = 0, 4*h - 5*h + 69 = -6*g. Give x(g).
24
Let l = -1706 - -1706. Let p(c) be the third derivative of -9*c**2 - 1/30*c**5 + 0*c - 7/24*c**4 - 2/3*c**3 + l. Calculate p(-4).
-8
Let r be ((-8)/8)/(4/(-8)). Let g(o) be the second derivative of -1/6*o**3 - 1/2*o**2 + 0 + r*o. Determine g(3).
-4
Let q(p) = 4*p - 1. Let v be (-1 - -1) + 5 + -2. Let t be 9/(18/28) - v. Suppose 0 = -5*f + d + 16, d - t = -4*f - 0*f. Give q(f).
11
Let m(i) be the first derivative of -3*i**5/40 - 5*i**3/3 + 6. Let f(c) be the third derivative of m(c). Determine f(1).
-9
Suppose 11 = 4*u + 3. Suppose -2*z + 8 = u*y, -5*z + 16 = 5*y - 4*z. Let d(b) = b**3 - 2*b**2 + 2. Give d(y).
11
Let n(y) = y**3 - 5*y**2 + 3*y + 5. Let x(m) = -m**3 - 65*m**2 + 63*m - 194. Let g be x(-66). Calculate n(g).
1
Let s = -78 + 64. Let q = 20 + s. Let a(j) = 3*j. Give a(q).
18
Let l be 8/28 + 15/21. Suppose -9 = -4*v - l. Let y(a) = -8*a**2 + 2*a**2 - v*a + 0 + 4*a**2 - 1 - 9*a**3. What is y(-1)?
8
Suppose 2*t - 36 = -16. Suppose -2*w = -t, 9*w + 4 = -4*z + 5*w. Let p(y) = -y**2 - 8*y + 8. Give p(z).
20
Let m(a) = -6*a + 4. Let k = 170 - 168. Determine m(k).
-8
Let a(q) be the first derivative of q**2/2 + 20*q - 691. Calculate a(-6).
14
Suppose 8*b - 66 = 30*b. Let g(r) = -r - 10. Let p be g(-9). Let m(h) = 2*h. Let x(v) = v. Let l(i) = p*m(i) + 3*x(i). Determine l(b).
-3
Let q(m) = 2*m - 3 + 2*m**2 + 4*m**3 - 3*m**3 + 2*m**2. Let v(k) = 2*k**2 - 6*k + 5. Let f be v(4). Suppose 0 = y - 3*c - 12, y + 4*c + f = 2*c. Calculate q(y).
0
Let j(b) = 22*b**3 - 3*b**2 + 2*b - 13. Let i(w) = -19*w**3 + 2*w**2 - w + 12. Let s(t) = 7*i(t) + 6*j(t). What is s(-5)?
6
Let n = -11 + 11. Suppose n = 6*h + 3 - 9. Let a(g) = 7*g**2 + 3*g + 2. Let d(q) = 34*q**2 + 16*q + 11. Let x(v) = 11*a(v) - 2*d(v). Determine x(h).
10
Let j(r) = -6*r**3 + 2*r**2 - 1. Let f be j(1). Let o(u) = -11*u + 24. Let m(s) = 2*s - 5. Let y(x) = 5*m(x) + o(x). Give y(f).
4
Suppose 0*s + s - 3 = -5*v, 5*s = 3*v + 15. Let n(b) = b + 5. What is n(v)?
5
Let s(h) be the second derivative of -1/3*h**3 + 11*h + 0 - 3/2*h**2. What is s(-2)?
1
Let b(o) = -o**2 - 9*o - 11. Let w(x) = -x**2 - 8*x - 10. Suppose 5*y - 8 = 3*z, 3*z = -3*y - 14 - 10. Let u(k) = z*b(k) + 7*w(k). What is u(-3)?
-7
Let u be 9 + 1*(-6)/18*3. Let m(o) = -o**2 + 6*o + 9. Determine m(u).
-7
Let n(v) = v**2 + v + 1. Let m(r) = -2*r**2 - 10*r - 6. Let f(t) = -m(t) - 3*n(t). Suppose 3*d + 4*w - 3